{"id":448,"date":"2013-07-31T15:54:51","date_gmt":"2013-07-31T13:54:51","guid":{"rendered":"http:\/\/www.hochzeitsfotograf-muenster.de\/?page_id=448"},"modified":"2022-02-03T18:18:38","modified_gmt":"2022-02-03T16:18:38","slug":"infos-2","status":"publish","type":"page","link":"https:\/\/www.hochzeitsfotograf-muenster.de\/?page_id=448","title":{"rendered":"Infos"},"content":{"rendered":"<table>\n<tbody>\n<tr>\n<td align=\"justify\" valign=\"top\" width=\"25%\"><\/td>\n<td align=\"justify\" valign=\"top\" width=\"50%\">\n<p style=\"text-align: center;\"><strong>Wer bin ich?<br \/>\n<\/strong><\/p>\n<p>Ich bin <span style=\"color: black;\">Christian Beck<\/span> aus M\u00fcnster (NRW), ein Fotograf, der Freude an der modernen Hochzeitsreportage-Fotografie gefunden hat.<br \/>\nMein Ziel ist es, mit Hilfe der Fotografie die Emotionen, Situationen und vielen Details einer Hochzeit einzufangen und wiederzugeben.<br \/>\nIch biete eine hohe Qualit\u00e4t, kombiniert mit einem lockeren Umgang, um das Fotografiert-werden zu einem freudigen Erlebnis und nicht zu einem Pflichtprogramm werden zu lassen.<\/p>\n<p>Mir ist wichtig, dass Ihr Vertrauen in meine Arbeit erhaltet und sicher seid, den richtigen Fotografen gefunden zu haben.<br \/>\nMeine Devise ist dabei: Ihr sollt entspannt in den Tag gehen und Euch um die Fotos keine Gedanken machen m\u00fcssen.<\/p>\n<p>Fotografie, speziell der Bereich der Hochzeitsfotografie, ist f\u00fcr mich eine Leidenschaft. Ich freue mich mit jedem Paar, das ich fotografisch begleiten kann und \u00fcber die einzigartigen Momente w\u00e4hrend der Hochzeit und der Feier.<br \/>\nGerne gestalte ich mit Euch eine komplette Hochzeits-Reportage. Ich begleite Euch zum Friseur, ins Hotel oder zum Make up. Ich bin bei den Vorbereitungen dabei und halte f\u00fcr Euch den kompletten Tag fest.<\/p>\n<p style=\"margin: 10px;\">\n<p style=\"text-align: center;\"><strong>Lernen wir dich vor der Hochzeit bereits kennen?<\/strong><\/p>\n<p style=\"margin: 10px;\">Unbedingt! Ein Vorgespr\u00e4ch ist f\u00fcr mich besonders wichtig, da wir gemeinsam doch recht viel Zeit an Eurem wichtigsten Tag verbringen werden. Um einen Eindruck von Euch und Eurer Hochzeit zu bekommen sowie Euch zu zeigen wer ich bin, wie ich arbeite und offene Fragen zu kl\u00e4ren, ist ein Vorgespr\u00e4ch ein wesentlicher Teil meiner Begleitung. Das kann sowohl vor Ort in M\u00fcnster stattfinden oder via Skype, falls es sich nicht anders einrichten l\u00e4sst. Gemeinsam mit Euch gestalte ich dabei den zeitlichen Rahmen \u2013 ganz individuell.<\/p>\n<\/td>\n<td align=\"justify\" valign=\"top\" width=\"25%\"><\/td>\n<\/tr>\n<\/tbody>\n<\/table>\n<table>\n<tbody>\n<tr>\n<td align=\"justify\" valign=\"top\" width=\"50%\"><\/td>\n<td align=\"justify\" valign=\"top\" width=\"50%\"><\/td>\n<\/tr>\n<tr>\n<td align=\"justify\" valign=\"top\" width=\"50%\">\n<p style=\"text-align: center;\"><strong>In welcher Form bekommen wir hinterher die Fotos?<\/strong><\/p>\n<p style=\"margin: 10px;\">Ich sortiere und editiere f\u00fcr Euch alle Fotos. Jedes Foto wird dabei von mir angesehen, begutachtet und retuschiert, um Euch Fotos zu bescheren, an denen Ihr noch lange Freude habt. Im Anschluss erhaltet Ihr die fertigen Fotos digital in voller Aufl\u00f6sung.<br \/>\nIch halte nichts davon, Euch hinterher einzelne Abz\u00fcge zu verkaufen. Ihr sollt es in der Hand haben, welches Foto Ihr ganz unabh\u00e4ngig von mir ausbelichten lassen wollt.<\/p>\n<\/td>\n<td align=\"justify\" valign=\"top\" width=\"50%\">\n<p style=\"text-align: center;\"><strong>Was kostet so eine Hochzeitsbegleitung?<\/strong><\/p>\n<p style=\"margin: 10px;\">Grunds\u00e4tzlich h\u00e4ngt bei mir jedes Angebot vom Umfang der Begleitung ab. Ich arbeite ab 6 Stunden aufw\u00e4rts und mache Euch gerne bereits vorab per E-Mail oder Telefon ein erstes Angebot abh\u00e4ngig von Eurem gew\u00fcnschten, zeitlichen Umfang. Ich biete Euch dabei den Vorteil einer klaren sowie \u00fcbersichtlich gestalteten Preisstruktur und garantiere Euch keine versteckten Kosten. Das erm\u00f6glicht Euch eine gute Kalkulation eures Hochzeitsbudgets.<\/p>\n<\/td>\n<\/tr>\n<\/tbody>\n<\/table>\n<p style=\"text-align: center;\"><strong><em>Die wichtigste Frage zu Beginn ist jedoch: <a href=\"http:\/\/www.hochzeitsfotograf-muenster.de\/?page_id=17\">Ist Euer Termin noch frei?<\/a><\/em><\/strong><\/p>\n","protected":false},"excerpt":{"rendered":"<p>Wer bin ich? Ich bin Christian Beck aus M\u00fcnster (NRW), ein Fotograf, der Freude an der modernen Hochzeitsreportage-Fotografie gefunden hat. Mein Ziel ist es, mit Hilfe der Fotografie die Emotionen, Situationen und vielen Details einer Hochzeit einzufangen und wiederzugeben. Ich biete eine hohe Qualit\u00e4t, kombiniert mit einem lockeren Umgang, um das Fotografiert-werden zu einem freudigen [&hellip;]<\/p>\n","protected":false},"author":1,"featured_media":0,"parent":0,"menu_order":0,"comment_status":"closed","ping_status":"open","template":"page-full.php","meta":{"_monsterinsights_skip_tracking":false,"_monsterinsights_sitenote_active":false,"_monsterinsights_sitenote_note":"","_monsterinsights_sitenote_category":0,"footnotes":""},"class_list":["post-448","page","type-page","status-publish","hentry"],"aioseo_notices":[],"_links":{"self":[{"href":"https:\/\/www.hochzeitsfotograf-muenster.de\/index.php?rest_route=\/wp\/v2\/pages\/448","targetHints":{"allow":["GET"]}}],"collection":[{"href":"https:\/\/www.hochzeitsfotograf-muenster.de\/index.php?rest_route=\/wp\/v2\/pages"}],"about":[{"href":"https:\/\/www.hochzeitsfotograf-muenster.de\/index.php?rest_route=\/wp\/v2\/types\/page"}],"author":[{"embeddable":true,"href":"https:\/\/www.hochzeitsfotograf-muenster.de\/index.php?rest_route=\/wp\/v2\/users\/1"}],"replies":[{"embeddable":true,"href":"https:\/\/www.hochzeitsfotograf-muenster.de\/index.php?rest_route=%2Fwp%2Fv2%2Fcomments&post=448"}],"version-history":[{"count":60,"href":"https:\/\/www.hochzeitsfotograf-muenster.de\/index.php?rest_route=\/wp\/v2\/pages\/448\/revisions"}],"predecessor-version":[{"id":1083,"href":"https:\/\/www.hochzeitsfotograf-muenster.de\/index.php?rest_route=\/wp\/v2\/pages\/448\/revisions\/1083"}],"wp:attachment":[{"href":"https:\/\/www.hochzeitsfotograf-muenster.de\/index.php?rest_route=%2Fwp%2Fv2%2Fmedia&parent=448"}],"curies":[{"name":"wp","href":"https:\/\/api.w.org\/{rel}","templated":true}]}}